{"id":39,"date":"2018-09-24T21:49:24","date_gmt":"2018-09-24T19:49:24","guid":{"rendered":"https:\/\/multisite.altanea.holiday\/da\/?page_id=39"},"modified":"2018-09-24T21:49:24","modified_gmt":"2018-09-24T19:49:24","slug":"laeger-og-foerstehjaelp","status":"publish","type":"page","link":"https:\/\/altanea.holiday\/da\/praktisk-info\/laeger-og-foerstehjaelp\/","title":{"rendered":"L\u00e6ger og f\u00f8rstehj\u00e6lp"},"content":{"rendered":"","protected":false},"excerpt":{"rendered":"","protected":false},"author":1,"featured_media":0,"parent":33,"menu_order":30,"comment_status":"closed","ping_status":"closed","template":"","meta":{"footnotes":""},"class_list":["post-39","page","type-page","status-publish","hentry"],"yoast_head":"<!-- This site is optimized with the Yoast SEO plugin v25.2 - https:\/\/yoast.com\/wordpress\/plugins\/seo\/ -->\n<title>L\u00e6ger og f\u00f8rstehj\u00e6lp - Altanea DA<\/title>\n<meta name=\"robots\" content=\"index, follow, max-snippet:-1, max-image-preview:large, max-video-preview:-1\" \/>\n<link rel=\"canonical\" href=\"https:\/\/altanea.holiday\/da\/praktisk-info\/laeger-og-foerstehjaelp\/\" \/>\n<meta property=\"og:locale\" content=\"da_DK\" \/>\n<meta property=\"og:type\" content=\"article\" \/>\n<meta property=\"og:title\" content=\"L\u00e6ger og f\u00f8rstehj\u00e6lp - Altanea DA\" \/>\n<meta property=\"og:url\" content=\"https:\/\/altanea.holiday\/da\/praktisk-info\/laeger-og-foerstehjaelp\/\" \/>\n<meta property=\"og:site_name\" content=\"Altanea DA\" \/>\n<meta name=\"twitter:card\" content=\"summary_large_image\" \/>\n<script type=\"application\/ld+json\" class=\"yoast-schema-graph\">{\"@context\":\"https:\/\/schema.org\",\"@graph\":[{\"@type\":\"WebPage\",\"@id\":\"https:\/\/altanea.holiday\/da\/praktisk-info\/laeger-og-foerstehjaelp\/\",\"url\":\"https:\/\/altanea.holiday\/da\/praktisk-info\/laeger-og-foerstehjaelp\/\",\"name\":\"L\u00e6ger og f\u00f8rstehj\u00e6lp - Altanea DA\",\"isPartOf\":{\"@id\":\"https:\/\/altanea.holiday\/da\/#website\"},\"datePublished\":\"2018-09-24T19:49:24+00:00\",\"breadcrumb\":{\"@id\":\"https:\/\/altanea.holiday\/da\/praktisk-info\/laeger-og-foerstehjaelp\/#breadcrumb\"},\"inLanguage\":\"da-DK\",\"potentialAction\":[{\"@type\":\"ReadAction\",\"target\":[\"https:\/\/altanea.holiday\/da\/praktisk-info\/laeger-og-foerstehjaelp\/\"]}]},{\"@type\":\"BreadcrumbList\",\"@id\":\"https:\/\/altanea.holiday\/da\/praktisk-info\/laeger-og-foerstehjaelp\/#breadcrumb\",\"itemListElement\":[{\"@type\":\"ListItem\",\"position\":1,\"name\":\"Altanea.holiday\",\"item\":\"https:\/\/altanea.holiday\/da\/\"},{\"@type\":\"ListItem\",\"position\":2,\"name\":\"Praktisk info\",\"item\":\"https:\/\/altanea.holiday\/da\/praktisk-info\/\"},{\"@type\":\"ListItem\",\"position\":3,\"name\":\"L\u00e6ger og f\u00f8rstehj\u00e6lp\"}]},{\"@type\":\"WebSite\",\"@id\":\"https:\/\/altanea.holiday\/da\/#website\",\"url\":\"https:\/\/altanea.holiday\/da\/\",\"name\":\"Altanea DA\",\"description\":\"Caorle - Lido di Altanea\",\"potentialAction\":[{\"@type\":\"SearchAction\",\"target\":{\"@type\":\"EntryPoint\",\"urlTemplate\":\"https:\/\/altanea.holiday\/da\/?s={search_term_string}\"},\"query-input\":{\"@type\":\"PropertyValueSpecification\",\"valueRequired\":true,\"valueName\":\"search_term_string\"}}],\"inLanguage\":\"da-DK\"}]}<\/script>\n<!-- \/ Yoast SEO plugin. -->","yoast_head_json":{"title":"L\u00e6ger og f\u00f8rstehj\u00e6lp - Altanea DA","robots":{"index":"index","follow":"follow","max-snippet":"max-snippet:-1","max-image-preview":"max-image-preview:large","max-video-preview":"max-video-preview:-1"},"canonical":"https:\/\/altanea.holiday\/da\/praktisk-info\/laeger-og-foerstehjaelp\/","og_locale":"da_DK","og_type":"article","og_title":"L\u00e6ger og f\u00f8rstehj\u00e6lp - Altanea DA","og_url":"https:\/\/altanea.holiday\/da\/praktisk-info\/laeger-og-foerstehjaelp\/","og_site_name":"Altanea DA","twitter_card":"summary_large_image","schema":{"@context":"https:\/\/schema.org","@graph":[{"@type":"WebPage","@id":"https:\/\/altanea.holiday\/da\/praktisk-info\/laeger-og-foerstehjaelp\/","url":"https:\/\/altanea.holiday\/da\/praktisk-info\/laeger-og-foerstehjaelp\/","name":"L\u00e6ger og f\u00f8rstehj\u00e6lp - Altanea DA","isPartOf":{"@id":"https:\/\/altanea.holiday\/da\/#website"},"datePublished":"2018-09-24T19:49:24+00:00","breadcrumb":{"@id":"https:\/\/altanea.holiday\/da\/praktisk-info\/laeger-og-foerstehjaelp\/#breadcrumb"},"inLanguage":"da-DK","potentialAction":[{"@type":"ReadAction","target":["https:\/\/altanea.holiday\/da\/praktisk-info\/laeger-og-foerstehjaelp\/"]}]},{"@type":"BreadcrumbList","@id":"https:\/\/altanea.holiday\/da\/praktisk-info\/laeger-og-foerstehjaelp\/#breadcrumb","itemListElement":[{"@type":"ListItem","position":1,"name":"Altanea.holiday","item":"https:\/\/altanea.holiday\/da\/"},{"@type":"ListItem","position":2,"name":"Praktisk info","item":"https:\/\/altanea.holiday\/da\/praktisk-info\/"},{"@type":"ListItem","position":3,"name":"L\u00e6ger og f\u00f8rstehj\u00e6lp"}]},{"@type":"WebSite","@id":"https:\/\/altanea.holiday\/da\/#website","url":"https:\/\/altanea.holiday\/da\/","name":"Altanea DA","description":"Caorle - Lido di Altanea","potentialAction":[{"@type":"SearchAction","target":{"@type":"EntryPoint","urlTemplate":"https:\/\/altanea.holiday\/da\/?s={search_term_string}"},"query-input":{"@type":"PropertyValueSpecification","valueRequired":true,"valueName":"search_term_string"}}],"inLanguage":"da-DK"}]}},"_links":{"self":[{"href":"https:\/\/altanea.holiday\/da\/wp-json\/wp\/v2\/pages\/39","targetHints":{"allow":["GET"]}}],"collection":[{"href":"https:\/\/altanea.holiday\/da\/wp-json\/wp\/v2\/pages"}],"about":[{"href":"https:\/\/altanea.holiday\/da\/wp-json\/wp\/v2\/types\/page"}],"author":[{"embeddable":true,"href":"https:\/\/altanea.holiday\/da\/wp-json\/wp\/v2\/users\/1"}],"replies":[{"embeddable":true,"href":"https:\/\/altanea.holiday\/da\/wp-json\/wp\/v2\/comments?post=39"}],"version-history":[{"count":1,"href":"https:\/\/altanea.holiday\/da\/wp-json\/wp\/v2\/pages\/39\/revisions"}],"predecessor-version":[{"id":40,"href":"https:\/\/altanea.holiday\/da\/wp-json\/wp\/v2\/pages\/39\/revisions\/40"}],"up":[{"embeddable":true,"href":"https:\/\/altanea.holiday\/da\/wp-json\/wp\/v2\/pages\/33"}],"wp:attachment":[{"href":"https:\/\/altanea.holiday\/da\/wp-json\/wp\/v2\/media?parent=39"}],"curies":[{"name":"wp","href":"https:\/\/api.w.org\/{rel}","templated":true}]}}

Læger og førstehjælp

<!-- This site is optimized with the Yoast SEO plugin v25.2 - https://yoast.com/wordpress/plugins/seo/ -->
<title>Læger og førstehjælp - Altanea DA</title>
<meta name="robots" content="index, follow, max-snippet:-1, max-image-preview:large, max-video-preview:-1" />
<link rel="canonical" href="https://altanea.holiday/da/praktisk-info/laeger-og-foerstehjaelp/" />
<meta property="og:locale" content="da_DK" />
<meta property="og:type" content="article" />
<meta property="og:title" content="Læger og førstehjælp - Altanea DA" />
<meta property="og:url" content="https://altanea.holiday/da/praktisk-info/laeger-og-foerstehjaelp/" />
<meta property="og:site_name" content="Altanea DA" />
<meta name="twitter:card" content="summary_large_image" />
<script type="application/ld+json" class="yoast-schema-graph">{"@context":"https://schema.org","@graph":[{"@type":"WebPage","@id":"https://altanea.holiday/da/praktisk-info/laeger-og-foerstehjaelp/","url":"https://altanea.holiday/da/praktisk-info/laeger-og-foerstehjaelp/","name":"Læger og førstehjælp - Altanea DA","isPartOf":{"@id":"https://altanea.holiday/da/#website"},"datePublished":"2018-09-24T19:49:24+00:00","breadcrumb":{"@id":"https://altanea.holiday/da/praktisk-info/laeger-og-foerstehjaelp/#breadcrumb"},"inLanguage":"da-DK","potentialAction":[{"@type":"ReadAction","target":["https://altanea.holiday/da/praktisk-info/laeger-og-foerstehjaelp/"]}]},{"@type":"BreadcrumbList","@id":"https://altanea.holiday/da/praktisk-info/laeger-og-foerstehjaelp/#breadcrumb","itemListElement":[{"@type":"ListItem","position":1,"name":"Altanea.holiday","item":"https://altanea.holiday/da/"},{"@type":"ListItem","position":2,"name":"Praktisk info","item":"https://altanea.holiday/da/praktisk-info/"},{"@type":"ListItem","position":3,"name":"Læger og førstehjælp"}]},{"@type":"WebSite","@id":"https://altanea.holiday/da/#website","url":"https://altanea.holiday/da/","name":"Altanea DA","description":"Caorle - Lido di Altanea","potentialAction":[{"@type":"SearchAction","target":{"@type":"EntryPoint","urlTemplate":"https://altanea.holiday/da/?s={search_term_string}"},"query-input":{"@type":"PropertyValueSpecification","valueRequired":true,"valueName":"search_term_string"}}],"inLanguage":"da-DK"}]}</script>
<!-- / Yoast SEO plugin. -->

Læger og førstehjælp - Altanea DA
